its digit of u?
8
Let k(v) = v**3 + 18*v**2 - 8*v + 1. Suppose u - 8 = -r - 3*u, 2*r = -u - 19. What is the tens digit of k(r)?
6
Suppose 5*p - 665 = -605. Suppose -41*t + p*t + 4988 = 0. What is the hundreds digit of t?
1
Suppose 1 = r + 3*v - 11, -v + 6 = r. Suppose 6*a + r - 15 = 0. Suppose 0 = -a*s + b + 271, -3*b + 697 = 5*s + b. What is the units digit of s?
7
Suppose 2*j + 5*m = 42, 2*m = -2*j + m + 26. Suppose 23 - j = 3*a. What is the tens digit of (4 + -3)*30 + a?
3
Let l(m) = -133*m**2 + 3*m + 23. Let i(z) = 199*z**2 - 4*z - 34. Let x(w) = 5*i(w) + 7*l(w). What is the thousands digit of x(4)?
1
Suppose 3*d - 2*i = 50, -27 = -3*d - 5*i - 5. Suppose -n - 429 = -d. What is the hundreds digit of (-2)/(-8) - n*(-2)/(-8)?
1
Let g(n) = n**2 - n - 28. Let p be g(6). Suppose -6*l + 862 = w - p*l, -5*w + 4*l + 4358 = 0. What is the units digit of w?
0
Suppose 892 = 11*n - 670. Suppose 2*y = 476 + n. What is the units digit of y?
9
What is the tens digit of -10 + (-5 - (-7 + -9325))?
1
Let u = -7798 - -10908. What is the tens digit of u?
1
Let b(g) = 2273*g**3 - 2*g + 3*g**2 - 2368*g**3 - 4*g**2. Suppose -2*z = -z + 1. What is the units digit of b(z)?
6
Let d be (12/8)/(6/(-32)). Let p be (-2 - -1)/(d/24). Suppose -n + 6 + 1 = -3*u, p*n + 5*u = 35. What is the tens digit of n?
1
Suppose 2*l + 4*c - 164 = 0, 7*l - 2*l = 3*c + 410. Suppose 3*v + 3*r + 150 = 5*v, 302 = 4*v - 5*r. Suppose o = -v + l. What is the units digit of o?
4
Let t(r) = 5*r**2 - 2*r + 1. Let p be t(1). Suppose -4*m = 2*c - 0*m - 62, -p*c = -m - 151. What is the units digit of c*1/(1/2)?
4
Let s be (-8)/(-20) - (-36)/10. Suppose -s*u = -9 - 11. Suppose 0*x - x - c = -60, -2*x + u*c + 99 = 0. What is the units digit of x?
7
Suppose 0 = 3*l - 566 - 52. Let a = -167 + l. What is the units digit of a?
9
Let k = 39284 + -15446. What is the ten thousands digit of k?
2
What is the units digit of (0 - -135)*(1/(-2))/((-123)/142106)?
5
Let h(l) = 3*l + 108. Suppose 0*i = i - 5*v - 19, 4*i + 39 = -3*v. What is the units digit of h(i)?
0
Let h(k) = 18*k**2 - 465*k - 227. What is the hundreds digit of h(58)?
3
Let p = -205 + 210. What is the units digit of 111 + 0 - (-6 + 35/p)?
0
Let b(g) = 61 + 30 + 46*g**2 - 21*g - 72. What is the hundreds digit of b(4)?
6
Let i be (0 + (0 - (-1)/2))*6. Suppose 2*d = -10*v + 5*v + 23, i*d - 15 = -v. Suppose 2*m = 4*m + v*n - 380, 4*n - 752 = -4*m. What is the hundreds digit of m?
1
Let o(i) = -4*i - 981. Let f be o(0). Let z = f - -1391. What is the hundreds digit of z?
4
Let f = -134 + 137. Suppose 66 = d - 3*p + 5*p, 3*d - 216 = f*p. What is the tens digit of d?
7
Suppose -2*j = -5*l + 1023, 4*l + 0*j - j - 819 = 0. Suppose 34*y - l = 29*y. Suppose -3*t + 158 = y. What is the units digit of t?
9
Let r(t) = t**2 - 9*t + 20. Let m be r(6). Suppose -186 = -m*d + 70. Suppose -q + 4*k = -39, -3*k + d = 2*q - k. What is the tens digit of q?
5
Suppose -5*n - 322 = 678. Let v = n - -471. What is the tens digit of v?
7
Let q = -32 + 37. Let o(l) = 6 - q*l - 5 - l**2 + 1 + 13*l**3. What is the tens digit of o(2)?
9
Suppose l + 10 = -9*l. Let t be (-4)/((-12)/9) + (102 - l). Let j = 234 - t. What is the units digit of j?
8
Suppose -3*p = -y - 13710, 3*p + 5*y = 9490 + 4220. What is the hundreds digit of p?
5
Suppose -b - 5*f = -19 - 6, 4*f + 220 = 4*b. Let r(p) = -61*p + b*p - 7 + 0. What is the hundreds digit of r(-10)?
1
Let q = -4856 + 12581. What is the units digit of q?
5
Suppose 4*w = -5*c + 20, 5*w - 4*w - 4*c = 5. Suppose -130 = w*j - 3*j. Let s = -50 - j. What is the units digit of s?
5
What is the ten thousands digit of (50/6 + 2)*(6 + 12618/6)?
2
Let x(g) be the second derivative of -g**5/20 + 23*g**4/12 + g**3 - 33*g**2/2 + 9*g - 2. What is the tens digit of x(20)?
8
Let j(z) = -2229*z + 5596. What is the tens digit of j(-4)?
1
What is the tens digit of (-28469)/(-35) + -1 + 9/15?
1
Suppose -3*c - 1073 = -2*d + 2*c, -3*d - 5*c + 1597 = 0. Let m = d + -516. What is the units digit of m?
8
What is the ten thousands digit of 43/(645/(-330)) + 24846?
2
Suppose 8*b = 5082 + 766. Suppose 3*u - 289 = 3*p + 440, -3*u + 2*p + b = 0. What is the tens digit of u?
4
Suppose k + 19*v = 15*v + 3495, -4*k - 3*v = -13941. What is the thousands digit of k?
3
Suppose 0 = -20*t + 29*t - 27. Suppose 2*i + 4*z = 162, -4*z + t*z + 317 = 4*i. What is the tens digit of i?
7
Suppose -60 = -10*d + 20. Let q(p) = p**3 - 11 + 7*p**2 + 2*p**2 + d*p + 6*p**2 - 22*p**2. What is the units digit of q(6)?
1
Suppose 0 = -3*z + z + z. Suppose 0 = 4*m - 0*u + u - 8, -3*u = z. Suppose -3*l = l + 5*o - 705, -m*l + 320 = -4*o. What is the hundreds digit of l?
1
Let s be 8/24 - 115/3. Let r = s + 44. Suppose -r*p - 5*p + 99 = 0. What is the units digit of p?
9
Let r(a) be the first derivative of -4*a**2 + 100*a - 20. What is the tens digit of r(-17)?
3
Suppose -4*d + 0*d + 46028 = 2*k, -5*d = -2*k - 57535. What is the thousands digit of d?
1
Let j(v) be the second derivative of v**3/2 - 6*v**2 - 25*v. Let g be j(5). Suppose 0*l - 20 = -l - b, -l - g*b = -18. What is the tens digit of l?
2
Let k(n) = 1 + 56 - 66*n + 49*n. What is the units digit of k(-13)?
8
What is the thousands digit of 3/(-4 - 74347/(-18585))?
7
Suppose 0 = -4*m + 12*w - 14*w + 17344, 3*m - 13022 = 2*w. What is the units digit of m?
8
Let m be 4/(16/6) - (-851)/74. What is the hundreds digit of m/(6/156 + 0)?
3
Let q be ((-337)/6 + (-21)/(-126))/(-2). Suppose -5*n + 14 = -4*y, 3*n - 4*y - 1 = 9. Suppose -216 + q = -n*c. What is the units digit of c?
4
Let m(n) = -2*n**2 + 4*n - 9. Let l(y) = 4*y**2 - 9*y + 17. Let s(h) = 3*l(h) + 5*m(h). Let z be s(3). What is the units digit of (z/(-3))/(5/(-535))?
7
Let i(s) be the second derivative of -s**5/20 - 13*s**4/6 + 5*s**3/3 + 21*s**2/2 + 3*s - 12. What is the units digit of i(-27)?
0
What is the hundreds digit of 21/35 + (-151884)/(-60)?
5
Let o(y) = -y**3 - 11*y**2 - 116*y + 185. What is the tens digit of o(-36)?
6
Suppose 5*p = -5*q + 50, -2*q - 3*q + 4*p = -50. Let k be 32/40*q/(-8)*-2. Suppose 0 = -k*m - 4, 3*y + 5*m = 7*y - 166. What is the units digit of y?
9
Let g(c) = 9*c**3 - 20*c**2 - 3*c - 1. Let h be g(6). Suppose -4*l - 7*k + 950 = -4*k, h = 5*l - 5*k. What is the hundreds digit of l?
2
Let o = 6112 + 3533. What is the hundreds digit of o?
6
Suppose -266*p - 119 = -268*p - 13. What is the tens digit of p?
5
Let z(o) = 3*o + 16. Suppose 0 = -3*c + 12*c + 27. Let r be z(c). Let p(v) = v**3 - 7*v**2 + 2*v - 7. What is the units digit of p(r)?
7
Let t be (18/(-5))/(6/15). Let g(f) = 131*f + 2. Let l be g(1). Let s = l + t. What is the hundreds digit of s?
1
Let b(d) = -44*d + 85. Let h(f) = -45*f + 86. Let v(y) = -3*b(y) + 2*h(y). What is the units digit of v(8)?
3
Suppose -20*y - 371 = -19*y. Let f = y + 446. What is the units digit of f?
5
Suppose 2*y - y = 4*q + 186, 0 = y + q - 211. What is the tens digit of (y/(-3))/((-78)/18 - -4)?
0
Let t(o) = -8*o**2 - 9*o - 10. Let u be t(-5). What is the tens digit of (-1 + 16)*u/(-45)?
5
Suppose 80 = 2*p - 5*i, 3*i - 120 = 4*p - 7*p. Let b = 37 + p. What is the tens digit of b?
7
Let c(w) = w**3 - 9*w**2 - 10*w + 7. Let f be c(10). Let r be 166/f - -1*10/35. Let b = 19 + r. What is the units digit of b?
3
Suppose -b + 3*d = -31237, 2*d = -10*b + 5*d + 312289. What is the hundreds digit of b?
2
Let w = -11803 - -32959. What is the ten thousands digit of w?
2
Let j(f) be the first derivative of f**3 - 13*f**2 + 40*f - 73. What is the tens digit of j(19)?
2
Suppose 0 = -11*p + 14*p + 3*f - 2418, -3*p + 2434 = -f. Let l = 2160 - p. What is the units digit of l?
0
Let s be (-160)/30 - (-2)/(-3). Let f be (-278)/s + ((-6)/(-9))/(-2). Let k = -40 + f. What is the units digit of k?
6
Suppose -5*p + 14151 = -q - 9131, -4*p + q + 18625 = 0. What is the thousands digit of p?
4
Let l(m) = 59*m**2 - 19*m - 242. What is the tens digit of l(-13)?
7
Suppose 3*k = -12*k. Suppose k = 9*z + 22*z - 38285. What is the units digit of z?
5
Let z(p) = 98*p**2 + 6*p - 5. Let f = -117 + 119. What is the tens digit of z(f)?
9
Let q(p) be the third derivative of p**6/120 + 17*p**5/60 - p**4/2 - 14*p**3/3 + 8*p**2 + 7*p. What is the units digit of q(-15)?
2
Suppose w = -2*w - 372. Suppose 1657 = 4*k - 5*v + 573, 4*v = 0. Let c = k + w. What is t